{"id":12515,"date":"2025-11-13T12:13:40","date_gmt":"2025-11-13T17:13:40","guid":{"rendered":"https:\/\/home.hamptonu.edu\/science\/?page_id=12515"},"modified":"2025-11-24T08:06:29","modified_gmt":"2025-11-24T13:06:29","slug":"daniel-ntiamoah","status":"publish","type":"page","link":"https:\/\/home.hamptonu.edu\/science\/daniel-ntiamoah\/","title":{"rendered":"Dr. Daniel Ntiamoah"},"content":{"rendered":"\t\t<div data-elementor-type=\"wp-page\" data-elementor-id=\"12515\" class=\"elementor elementor-12515\" data-elementor-post-type=\"page\">\n\t\t\t\t\t\t<section class=\"elementor-section elementor-top-section elementor-element elementor-element-09adb7e elementor-section-boxed elementor-section-height-default elementor-section-height-default\" data-id=\"09adb7e\" data-element_type=\"section\">\n\t\t\t\t\t\t<div class=\"elementor-container elementor-column-gap-default\">\n\t\t\t\t\t<div class=\"elementor-column elementor-col-50 elementor-top-column elementor-element elementor-element-382850a\" data-id=\"382850a\" data-element_type=\"column\">\n\t\t\t<div class=\"elementor-widget-wrap elementor-element-populated\">\n\t\t\t\t\t\t<div class=\"elementor-element elementor-element-7d0dd69 elementor-widget elementor-widget-image\" data-id=\"7d0dd69\" data-element_type=\"widget\" data-widget_type=\"image.default\">\n\t\t\t\t<div class=\"elementor-widget-container\">\n\t\t\t\t\t\t\t\t\t\t\t\t\t\t\t<img fetchpriority=\"high\" decoding=\"async\" width=\"1200\" height=\"1500\" src=\"https:\/\/home.hamptonu.edu\/science\/wp-content\/uploads\/sites\/47\/2025\/11\/Ntiamoah-Daniel.jpg\" class=\"attachment-1536x1536 size-1536x1536 wp-image-12598\" alt=\"\" srcset=\"https:\/\/home.hamptonu.edu\/science\/wp-content\/uploads\/sites\/47\/2025\/11\/Ntiamoah-Daniel.jpg 1200w, https:\/\/home.hamptonu.edu\/science\/wp-content\/uploads\/sites\/47\/2025\/11\/Ntiamoah-Daniel-240x300.jpg 240w, https:\/\/home.hamptonu.edu\/science\/wp-content\/uploads\/sites\/47\/2025\/11\/Ntiamoah-Daniel-819x1024.jpg 819w, https:\/\/home.hamptonu.edu\/science\/wp-content\/uploads\/sites\/47\/2025\/11\/Ntiamoah-Daniel-768x960.jpg 768w\" sizes=\"(max-width: 1200px) 100vw, 1200px\" \/>\t\t\t\t\t\t\t\t\t\t\t\t\t\t\t<\/div>\n\t\t\t\t<\/div>\n\t\t\t\t<div class=\"elementor-element elementor-element-1a8cb6b elementor-widget elementor-widget-heading\" data-id=\"1a8cb6b\" data-element_type=\"widget\" data-widget_type=\"heading.default\">\n\t\t\t\t<div class=\"elementor-widget-container\">\n\t\t\t\t\t<h2 class=\"elementor-heading-title elementor-size-default\"><b>Contact<\/b><\/h2>\t\t\t\t<\/div>\n\t\t\t\t<\/div>\n\t\t\t\t<div class=\"elementor-element elementor-element-7bc2c63 elementor-widget-divider--view-line elementor-widget elementor-widget-divider\" data-id=\"7bc2c63\" data-element_type=\"widget\" data-widget_type=\"divider.default\">\n\t\t\t\t<div class=\"elementor-widget-container\">\n\t\t\t\t\t\t\t<div class=\"elementor-divider\">\n\t\t\t<span class=\"elementor-divider-separator\">\n\t\t\t\t\t\t<\/span>\n\t\t<\/div>\n\t\t\t\t\t\t<\/div>\n\t\t\t\t<\/div>\n\t\t\t\t<div class=\"elementor-element elementor-element-31f7d0a elementor-widget elementor-widget-text-editor\" data-id=\"31f7d0a\" data-element_type=\"widget\" data-widget_type=\"text-editor.default\">\n\t\t\t\t<div class=\"elementor-widget-container\">\n\t\t\t\t\t\t\t\t\t<h6><b>E-mail:\u00a0<\/b><br \/><a href=\"mailto:daniel.ntiamoah@hamptonu.edu\">daniel.ntiamoah@hamptonu.edu<\/a><\/h6><p><b>Location: <br \/><\/b>Science and Technology Building 246C\u00a0<\/p><p><b>Phone:<br \/><\/b>757-727-5550<\/p><div><a href=\"https:\/\/home.hamptonu.edu\/science\/math-staff\/\">\u00abMath Faculty List<\/a><\/div><div>\u00a0<\/div><div>\u00a0<\/div>\t\t\t\t\t\t\t\t<\/div>\n\t\t\t\t<\/div>\n\t\t\t\t\t<\/div>\n\t\t<\/div>\n\t\t\t\t<div class=\"elementor-column elementor-col-50 elementor-top-column elementor-element elementor-element-c671af1\" data-id=\"c671af1\" data-element_type=\"column\">\n\t\t\t<div class=\"elementor-widget-wrap elementor-element-populated\">\n\t\t\t\t\t\t<div class=\"elementor-element elementor-element-4b41af7 elementor-widget elementor-widget-heading\" data-id=\"4b41af7\" data-element_type=\"widget\" data-widget_type=\"heading.default\">\n\t\t\t\t<div class=\"elementor-widget-container\">\n\t\t\t\t\t<h2 class=\"elementor-heading-title elementor-size-default\"><b>Dr. Daniel Ntiamoah<\/b><\/h2>\t\t\t\t<\/div>\n\t\t\t\t<\/div>\n\t\t\t\t<div class=\"elementor-element elementor-element-a3453e5 elementor-widget-divider--view-line elementor-widget elementor-widget-divider\" data-id=\"a3453e5\" data-element_type=\"widget\" data-widget_type=\"divider.default\">\n\t\t\t\t<div class=\"elementor-widget-container\">\n\t\t\t\t\t\t\t<div class=\"elementor-divider\">\n\t\t\t<span class=\"elementor-divider-separator\">\n\t\t\t\t\t\t<\/span>\n\t\t<\/div>\n\t\t\t\t\t\t<\/div>\n\t\t\t\t<\/div>\n\t\t\t\t<div class=\"elementor-element elementor-element-b01ed2b elementor-widget__width-initial elementor-widget elementor-widget-text-editor\" data-id=\"b01ed2b\" data-element_type=\"widget\" data-widget_type=\"text-editor.default\">\n\t\t\t\t<div class=\"elementor-widget-container\">\n\t\t\t\t\t\t\t\t\t<ul><li><strong>Position: <\/strong>Assistant Professor of Mathematics<br \/><br \/><\/li><li><strong><strong>Educational background: <br \/><\/strong><\/strong>B.Sc. in Mathematics and Psychology, University of Ghana, Legon, Ghana<br \/>M.Phil. in Mathematics, University of Ghana, Legon, Ghana<br \/>M.A. in Mathematics, Central Michigan University, Mount Pleasant, MI, USA<br \/>Ph.D. in Applied Mathematics, Ohio University, Athens, OH, USA<br \/><br \/><strong><strong>Research interests: <\/strong><\/strong>Optimization and alternating algorithms, Numerical analysis and computational methods in high dimensions, Dynamical systems and nonlinear dynamics, Mathematical biology and epidemiological modeling, Differential equations (ordinary and partial), Machine learning and artificial intelligence applications, Applied mathematics and mathematical modeling.<br \/><br \/><\/li><li><strong>Selected publications<\/strong><ul><li>Akpan, U., Akinyemi, L.,\u00a0Ntiamoah, D., Houwe, S., Alphonse, A. (2024). &#8220;Generalized stochastic Korteweg-de Vries equations, their Painlev\u00e9 integrability, N-soliton and other solutions,&#8221;\u00a0<em>International Journal of Geometric Methods in Modern Physics<\/em>. https:\/\/doi.org\/10.1142\/S0219887824501287<\/li><li>\u015eenol, M., Gen\u00e7yi\u011fit, M.,\u00a0Ntiamoah, D., Akinyemi, L. (2024). &#8220;New (3+1)-dimensional conformable KdV equation and its analytical and numerical solutions,&#8221;\u00a0<em>International Journal of Modern Physics B<\/em>, 2450056. https:\/\/doi.org\/10.1142\/S0217979224500565<\/li><li>Ntiamoah, D., Ofori-Atta, W., Akinyemi, L. (2024). &#8220;The higher-order modified Korteweg-de Vries equation: its soliton, breather and approximate solutions,&#8221;\u00a0<em>Journal of Ocean Engineering and Science<\/em>. https:\/\/doi.org\/10.1016\/j.joes.2022.06.042<\/li><li>Adeniyi, M.O., Aderele, O.R., Oludoun, O.Y., Ekum, M.I., Matadi, M.B., Oke, S.I.,\u00a0Ntiamoah, D.(2023). &#8220;A mathematical and exploratory data analysis of malaria disease transmission through blood transfusion,&#8221;\u00a0<em>Frontiers in Applied Mathematics and Statistics<\/em>, 9. https:\/\/doi.org\/10.3389\/fams.2023.1105543<\/li><\/ul><\/li><\/ul>\t\t\t\t\t\t\t\t<\/div>\n\t\t\t\t<\/div>\n\t\t\t\t\t<\/div>\n\t\t<\/div>\n\t\t\t\t\t<\/div>\n\t\t<\/section>\n\t\t\t\t<\/div>\n\t\t","protected":false},"excerpt":{"rendered":"<p>Contact E-mail:\u00a0daniel.ntiamoah@hamptonu.edu Location: Science and Technology Building 246C\u00a0 Phone:757-727-5550 \u00abMath Faculty List\u00a0\u00a0 Dr. Daniel Ntiamoah Position: Assistant Professor of Mathematics Educational background: B.Sc. in Mathematics and Psychology, University of Ghana, Legon, GhanaM.Phil. in Mathematics, University of Ghana, Legon, GhanaM.A. in Mathematics, Central Michigan University, Mount Pleasant, MI, USAPh.D. in Applied Mathematics, Ohio University, Athens, OH, [&hellip;]<\/p>\n","protected":false},"author":205,"featured_media":0,"parent":0,"menu_order":0,"comment_status":"closed","ping_status":"closed","template":"","meta":{"site-sidebar-layout":"no-sidebar","site-content-layout":"page-builder","ast-site-content-layout":"full-width-container","site-content-style":"default","site-sidebar-style":"default","ast-global-header-display":"","ast-banner-title-visibility":"","ast-main-header-display":"","ast-hfb-above-header-display":"","ast-hfb-below-header-display":"","ast-hfb-mobile-header-display":"","site-post-title":"disabled","ast-breadcrumbs-content":"","ast-featured-img":"disabled","footer-sml-layout":"","theme-transparent-header-meta":"","adv-header-id-meta":"","stick-header-meta":"","header-above-stick-meta":"","header-main-stick-meta":"","header-below-stick-meta":"","astra-migrate-meta-layouts":"set","ast-page-background-enabled":"default","ast-page-background-meta":{"desktop":{"background-color":"","background-image":"","background-repeat":"repeat","background-position":"center center","background-size":"auto","background-attachment":"scroll","background-type":"","background-media":"","overlay-type":"","overlay-color":"","overlay-opacity":"","overlay-gradient":""},"tablet":{"background-color":"","background-image":"","background-repeat":"repeat","background-position":"center center","background-size":"auto","background-attachment":"scroll","background-type":"","background-media":"","overlay-type":"","overlay-color":"","overlay-opacity":"","overlay-gradient":""},"mobile":{"background-color":"","background-image":"","background-repeat":"repeat","background-position":"center center","background-size":"auto","background-attachment":"scroll","background-type":"","background-media":"","overlay-type":"","overlay-color":"","overlay-opacity":"","overlay-gradient":""}},"ast-content-background-meta":{"desktop":{"background-color":"var(--ast-global-color-5)","background-image":"","background-repeat":"repeat","background-position":"center center","background-size":"auto","background-attachment":"scroll","background-type":"","background-media":"","overlay-type":"","overlay-color":"","overlay-opacity":"","overlay-gradient":""},"tablet":{"background-color":"var(--ast-global-color-5)","background-image":"","background-repeat":"repeat","background-position":"center center","background-size":"auto","background-attachment":"scroll","background-type":"","background-media":"","overlay-type":"","overlay-color":"","overlay-opacity":"","overlay-gradient":""},"mobile":{"background-color":"var(--ast-global-color-5)","background-image":"","background-repeat":"repeat","background-position":"center center","background-size":"auto","background-attachment":"scroll","background-type":"","background-media":"","overlay-type":"","overlay-color":"","overlay-opacity":"","overlay-gradient":""}},"_mc_calendar":[],"footnotes":""},"class_list":["post-12515","page","type-page","status-publish","hentry"],"yoast_head":"<!-- This site is optimized with the Yoast SEO plugin v27.3 - https:\/\/yoast.com\/product\/yoast-seo-wordpress\/ -->\n<title>Dr. Daniel Ntiamoah - School Of Science<\/title>\n<meta name=\"robots\" content=\"index, follow, max-snippet:-1, max-image-preview:large, max-video-preview:-1\" \/>\n<link rel=\"canonical\" href=\"https:\/\/home.hamptonu.edu\/science\/daniel-ntiamoah\/\" \/>\n<meta property=\"og:locale\" content=\"en_US\" \/>\n<meta property=\"og:type\" content=\"article\" \/>\n<meta property=\"og:title\" content=\"Dr. Daniel Ntiamoah - School Of Science\" \/>\n<meta property=\"og:description\" content=\"Contact E-mail:\u00a0daniel.ntiamoah@hamptonu.edu Location: Science and Technology Building 246C\u00a0 Phone:757-727-5550 \u00abMath Faculty List\u00a0\u00a0 Dr. Daniel Ntiamoah Position: Assistant Professor of Mathematics Educational background: B.Sc. in Mathematics and Psychology, University of Ghana, Legon, GhanaM.Phil. in Mathematics, University of Ghana, Legon, GhanaM.A. in Mathematics, Central Michigan University, Mount Pleasant, MI, USAPh.D. in Applied Mathematics, Ohio University, Athens, OH, [&hellip;]\" \/>\n<meta property=\"og:url\" content=\"https:\/\/home.hamptonu.edu\/science\/daniel-ntiamoah\/\" \/>\n<meta property=\"og:site_name\" content=\"School Of Science\" \/>\n<meta property=\"article:modified_time\" content=\"2025-11-24T13:06:29+00:00\" \/>\n<meta property=\"og:image\" content=\"https:\/\/home.hamptonu.edu\/science\/wp-content\/uploads\/sites\/47\/2025\/11\/Ntiamoah-Daniel.jpg\" \/>\n\t<meta property=\"og:image:width\" content=\"1200\" \/>\n\t<meta property=\"og:image:height\" content=\"1500\" \/>\n\t<meta property=\"og:image:type\" content=\"image\/jpeg\" \/>\n<meta name=\"twitter:card\" content=\"summary_large_image\" \/>\n<meta name=\"twitter:label1\" content=\"Est. reading time\" \/>\n\t<meta name=\"twitter:data1\" content=\"2 minutes\" \/>\n<script type=\"application\/ld+json\" class=\"yoast-schema-graph\">{\"@context\":\"https:\\\/\\\/schema.org\",\"@graph\":[{\"@type\":\"WebPage\",\"@id\":\"https:\\\/\\\/home.hamptonu.edu\\\/science\\\/daniel-ntiamoah\\\/\",\"url\":\"https:\\\/\\\/home.hamptonu.edu\\\/science\\\/daniel-ntiamoah\\\/\",\"name\":\"Dr. Daniel Ntiamoah - School Of Science\",\"isPartOf\":{\"@id\":\"https:\\\/\\\/home.hamptonu.edu\\\/science\\\/#website\"},\"primaryImageOfPage\":{\"@id\":\"https:\\\/\\\/home.hamptonu.edu\\\/science\\\/daniel-ntiamoah\\\/#primaryimage\"},\"image\":{\"@id\":\"https:\\\/\\\/home.hamptonu.edu\\\/science\\\/daniel-ntiamoah\\\/#primaryimage\"},\"thumbnailUrl\":\"http:\\\/\\\/home.hamptonu.edu\\\/science\\\/wp-content\\\/uploads\\\/sites\\\/47\\\/2025\\\/11\\\/Ntiamoah-Daniel.jpg\",\"datePublished\":\"2025-11-13T17:13:40+00:00\",\"dateModified\":\"2025-11-24T13:06:29+00:00\",\"breadcrumb\":{\"@id\":\"https:\\\/\\\/home.hamptonu.edu\\\/science\\\/daniel-ntiamoah\\\/#breadcrumb\"},\"inLanguage\":\"en-US\",\"potentialAction\":[{\"@type\":\"ReadAction\",\"target\":[\"https:\\\/\\\/home.hamptonu.edu\\\/science\\\/daniel-ntiamoah\\\/\"]}]},{\"@type\":\"ImageObject\",\"inLanguage\":\"en-US\",\"@id\":\"https:\\\/\\\/home.hamptonu.edu\\\/science\\\/daniel-ntiamoah\\\/#primaryimage\",\"url\":\"https:\\\/\\\/home.hamptonu.edu\\\/science\\\/wp-content\\\/uploads\\\/sites\\\/47\\\/2025\\\/11\\\/Ntiamoah-Daniel.jpg\",\"contentUrl\":\"https:\\\/\\\/home.hamptonu.edu\\\/science\\\/wp-content\\\/uploads\\\/sites\\\/47\\\/2025\\\/11\\\/Ntiamoah-Daniel.jpg\",\"width\":1200,\"height\":1500},{\"@type\":\"BreadcrumbList\",\"@id\":\"https:\\\/\\\/home.hamptonu.edu\\\/science\\\/daniel-ntiamoah\\\/#breadcrumb\",\"itemListElement\":[{\"@type\":\"ListItem\",\"position\":1,\"name\":\"Home\",\"item\":\"https:\\\/\\\/home.hamptonu.edu\\\/science\\\/\"},{\"@type\":\"ListItem\",\"position\":2,\"name\":\"Dr. Daniel Ntiamoah\"}]},{\"@type\":\"WebSite\",\"@id\":\"https:\\\/\\\/home.hamptonu.edu\\\/science\\\/#website\",\"url\":\"https:\\\/\\\/home.hamptonu.edu\\\/science\\\/\",\"name\":\"School Of Science\",\"description\":\"School of Science\",\"publisher\":{\"@id\":\"https:\\\/\\\/home.hamptonu.edu\\\/science\\\/#organization\"},\"potentialAction\":[{\"@type\":\"SearchAction\",\"target\":{\"@type\":\"EntryPoint\",\"urlTemplate\":\"https:\\\/\\\/home.hamptonu.edu\\\/science\\\/?s={search_term_string}\"},\"query-input\":{\"@type\":\"PropertyValueSpecification\",\"valueRequired\":true,\"valueName\":\"search_term_string\"}}],\"inLanguage\":\"en-US\"},{\"@type\":\"Organization\",\"@id\":\"https:\\\/\\\/home.hamptonu.edu\\\/science\\\/#organization\",\"name\":\"School Of Science\",\"url\":\"https:\\\/\\\/home.hamptonu.edu\\\/science\\\/\",\"logo\":{\"@type\":\"ImageObject\",\"inLanguage\":\"en-US\",\"@id\":\"https:\\\/\\\/home.hamptonu.edu\\\/science\\\/#\\\/schema\\\/logo\\\/image\\\/\",\"url\":\"https:\\\/\\\/home.hamptonu.edu\\\/science\\\/wp-content\\\/uploads\\\/sites\\\/47\\\/2025\\\/03\\\/cropped-cropped-cropped-school_of_science_rgb_1054x250.png\",\"contentUrl\":\"https:\\\/\\\/home.hamptonu.edu\\\/science\\\/wp-content\\\/uploads\\\/sites\\\/47\\\/2025\\\/03\\\/cropped-cropped-cropped-school_of_science_rgb_1054x250.png\",\"width\":1052,\"height\":248,\"caption\":\"School Of Science\"},\"image\":{\"@id\":\"https:\\\/\\\/home.hamptonu.edu\\\/science\\\/#\\\/schema\\\/logo\\\/image\\\/\"}}]}<\/script>\n<!-- \/ Yoast SEO plugin. -->","yoast_head_json":{"title":"Dr. Daniel Ntiamoah - School Of Science","robots":{"index":"index","follow":"follow","max-snippet":"max-snippet:-1","max-image-preview":"max-image-preview:large","max-video-preview":"max-video-preview:-1"},"canonical":"https:\/\/home.hamptonu.edu\/science\/daniel-ntiamoah\/","og_locale":"en_US","og_type":"article","og_title":"Dr. Daniel Ntiamoah - School Of Science","og_description":"Contact E-mail:\u00a0daniel.ntiamoah@hamptonu.edu Location: Science and Technology Building 246C\u00a0 Phone:757-727-5550 \u00abMath Faculty List\u00a0\u00a0 Dr. Daniel Ntiamoah Position: Assistant Professor of Mathematics Educational background: B.Sc. in Mathematics and Psychology, University of Ghana, Legon, GhanaM.Phil. in Mathematics, University of Ghana, Legon, GhanaM.A. in Mathematics, Central Michigan University, Mount Pleasant, MI, USAPh.D. in Applied Mathematics, Ohio University, Athens, OH, [&hellip;]","og_url":"https:\/\/home.hamptonu.edu\/science\/daniel-ntiamoah\/","og_site_name":"School Of Science","article_modified_time":"2025-11-24T13:06:29+00:00","og_image":[{"width":1200,"height":1500,"url":"https:\/\/home.hamptonu.edu\/science\/wp-content\/uploads\/sites\/47\/2025\/11\/Ntiamoah-Daniel.jpg","type":"image\/jpeg"}],"twitter_card":"summary_large_image","twitter_misc":{"Est. reading time":"2 minutes"},"schema":{"@context":"https:\/\/schema.org","@graph":[{"@type":"WebPage","@id":"https:\/\/home.hamptonu.edu\/science\/daniel-ntiamoah\/","url":"https:\/\/home.hamptonu.edu\/science\/daniel-ntiamoah\/","name":"Dr. Daniel Ntiamoah - School Of Science","isPartOf":{"@id":"https:\/\/home.hamptonu.edu\/science\/#website"},"primaryImageOfPage":{"@id":"https:\/\/home.hamptonu.edu\/science\/daniel-ntiamoah\/#primaryimage"},"image":{"@id":"https:\/\/home.hamptonu.edu\/science\/daniel-ntiamoah\/#primaryimage"},"thumbnailUrl":"http:\/\/home.hamptonu.edu\/science\/wp-content\/uploads\/sites\/47\/2025\/11\/Ntiamoah-Daniel.jpg","datePublished":"2025-11-13T17:13:40+00:00","dateModified":"2025-11-24T13:06:29+00:00","breadcrumb":{"@id":"https:\/\/home.hamptonu.edu\/science\/daniel-ntiamoah\/#breadcrumb"},"inLanguage":"en-US","potentialAction":[{"@type":"ReadAction","target":["https:\/\/home.hamptonu.edu\/science\/daniel-ntiamoah\/"]}]},{"@type":"ImageObject","inLanguage":"en-US","@id":"https:\/\/home.hamptonu.edu\/science\/daniel-ntiamoah\/#primaryimage","url":"https:\/\/home.hamptonu.edu\/science\/wp-content\/uploads\/sites\/47\/2025\/11\/Ntiamoah-Daniel.jpg","contentUrl":"https:\/\/home.hamptonu.edu\/science\/wp-content\/uploads\/sites\/47\/2025\/11\/Ntiamoah-Daniel.jpg","width":1200,"height":1500},{"@type":"BreadcrumbList","@id":"https:\/\/home.hamptonu.edu\/science\/daniel-ntiamoah\/#breadcrumb","itemListElement":[{"@type":"ListItem","position":1,"name":"Home","item":"https:\/\/home.hamptonu.edu\/science\/"},{"@type":"ListItem","position":2,"name":"Dr. Daniel Ntiamoah"}]},{"@type":"WebSite","@id":"https:\/\/home.hamptonu.edu\/science\/#website","url":"https:\/\/home.hamptonu.edu\/science\/","name":"School Of Science","description":"School of Science","publisher":{"@id":"https:\/\/home.hamptonu.edu\/science\/#organization"},"potentialAction":[{"@type":"SearchAction","target":{"@type":"EntryPoint","urlTemplate":"https:\/\/home.hamptonu.edu\/science\/?s={search_term_string}"},"query-input":{"@type":"PropertyValueSpecification","valueRequired":true,"valueName":"search_term_string"}}],"inLanguage":"en-US"},{"@type":"Organization","@id":"https:\/\/home.hamptonu.edu\/science\/#organization","name":"School Of Science","url":"https:\/\/home.hamptonu.edu\/science\/","logo":{"@type":"ImageObject","inLanguage":"en-US","@id":"https:\/\/home.hamptonu.edu\/science\/#\/schema\/logo\/image\/","url":"https:\/\/home.hamptonu.edu\/science\/wp-content\/uploads\/sites\/47\/2025\/03\/cropped-cropped-cropped-school_of_science_rgb_1054x250.png","contentUrl":"https:\/\/home.hamptonu.edu\/science\/wp-content\/uploads\/sites\/47\/2025\/03\/cropped-cropped-cropped-school_of_science_rgb_1054x250.png","width":1052,"height":248,"caption":"School Of Science"},"image":{"@id":"https:\/\/home.hamptonu.edu\/science\/#\/schema\/logo\/image\/"}}]}},"_links":{"self":[{"href":"https:\/\/home.hamptonu.edu\/science\/wp-json\/wp\/v2\/pages\/12515","targetHints":{"allow":["GET"]}}],"collection":[{"href":"https:\/\/home.hamptonu.edu\/science\/wp-json\/wp\/v2\/pages"}],"about":[{"href":"https:\/\/home.hamptonu.edu\/science\/wp-json\/wp\/v2\/types\/page"}],"author":[{"embeddable":true,"href":"https:\/\/home.hamptonu.edu\/science\/wp-json\/wp\/v2\/users\/205"}],"replies":[{"embeddable":true,"href":"https:\/\/home.hamptonu.edu\/science\/wp-json\/wp\/v2\/comments?post=12515"}],"version-history":[{"count":16,"href":"https:\/\/home.hamptonu.edu\/science\/wp-json\/wp\/v2\/pages\/12515\/revisions"}],"predecessor-version":[{"id":12833,"href":"https:\/\/home.hamptonu.edu\/science\/wp-json\/wp\/v2\/pages\/12515\/revisions\/12833"}],"wp:attachment":[{"href":"https:\/\/home.hamptonu.edu\/science\/wp-json\/wp\/v2\/media?parent=12515"}],"curies":[{"name":"wp","href":"https:\/\/api.w.org\/{rel}","templated":true}]}}